?
False
Does 36 divide 1908?
True
Is 49 a factor of 1127?
True
Is 124 a factor of 9554?
False
Is 99 a factor of 1901?
False
Is 53 a factor of 8328?
False
Is 621 a multiple of 9?
True
Is 40 a factor of 77599?
False
Is 15 a factor of 18105?
True
Is 4 a factor of 49?
False
Is 9975 a multiple of 52?
False
Does 5 divide 450?
True
Is 450 a multiple of 20?
False
Does 249 divide 38489?
False
Does 6 divide 905?
False
Does 173 divide 2768?
True
Is 7650 a multiple of 85?
True
Does 27 divide 783?
True
Does 94 divide 8636?
False
Is 7298 a multiple of 33?
False
Does 18 divide 6189?
False
Is 20400 a multiple of 240?
True
Is 352 a multiple of 11?
True
Is 19 a factor of 2755?
True
Is 12 a factor of 743?
False
Is 45011 a multiple of 223?
False
Is 17 a factor of 73?
False
Does 18 divide 3150?
True
Is 31 a factor of 2759?
True
Is 29 a factor of 30740?
True
Does 12 divide 1155?
False
Is 20 a factor of 1989?
False
Is 47076 a multiple of 69?
False
Is 1056 a multiple of 22?
True
Is 470 a multiple of 2?
True
Is 3410 a multiple of 102?
False
Is 1218 a multiple of 29?
True
Is 1123 a multiple of 20?
False
Is 2632 a multiple of 9?
False
Is 13 a factor of 832?
True
Does 161 divide 9703?
False
Does 18 divide 19704?
False
Is 2226 a multiple of 58?
False
Is 15 a factor of 343?
False
Does 113 divide 5085?
True
Is 1628 a multiple of 94?
False
Is 572 a multiple of 17?
False
Is 14 a factor of 92988?
True
Is 27 a factor of 172?
False
Is 15 a factor of 1798?
False
Is 54 a factor of 71?
False
Does 14 divide 504?
True
Does 29 divide 3507?
False
Does 9 divide 5562?
True
Is 724 a multiple of 12?
False
Does 18 divide 11214?
True
Is 4532 a multiple of 11?
True
Does 72 divide 1728?
True
Does 10 divide 550?
True
Does 75 divide 1200?
True
Is 84 a factor of 1008?
True
Is 10673 a multiple of 13?
True
Is 43 a factor of 169?
False
Does 8 divide 13896?
True
Is 22 a factor of 926?
False
Does 26 divide 24650?
False
Is 448 a multiple of 112?
True
Is 907 a multiple of 7?
False
Is 107 a factor of 7155?
False
Is 3104 a multiple of 10?
False
Is 551 a multiple of 6?
False
Is 6 a factor of 139?
False
Is 639 a multiple of 7?
False
Does 17 divide 1731?
False
Does 315 divide 45360?
True
Is 8700 a multiple of 30?
True
Does 4 divide 2664?
True
Is 14 a factor of 14913?
False
Is 90 a factor of 11365?
False
Does 5 divide 7314?
False
Is 630 a multiple of 118?
False
Is 150 a factor of 19098?
False
Is 1494 a multiple of 12?
False
Is 32175 a multiple of 33?
True
Does 2 divide 1053?
False
Does 9 divide 114?
False
Is 927 a multiple of 9?
True
Does 28 divide 336?
True
Is 95 a factor of 1425?
True
Is 83 a factor of 100513?
True
Is 27 a factor of 513?
True
Is 25 a factor of 200?
True
Does 3 divide 53?
False
Does 65 divide 8932?
False
Is 2175 a multiple of 27?
False
Is 6 a multiple of 6?
True
Is 15 a factor of 23835?
True
Is 24426 a multiple of 138?
True
Is 6 a factor of 144?
True
Is 100 a multiple of 26?
False
Does 160 divide 41760?
True
Is 76 a factor of 9652?
True
Does 19 divide 3677?
False
Is 1576 a multiple of 8?
True
Is 119 a factor of 8361?
False
Does 14 divide 2336?
False
Does 8 divide 2455?
False
Is 163 a factor of 978?
True
Is 340 a multiple of 10?
True
Does 9 divide 775?
False
Is 22 a factor of 16192?
True
Is 45 a factor of 2602?
False
Does 15 divide 5317?
False
Is 10 a factor of 30220?
True
Is 3537 a multiple of 131?
True
Does 53 divide 265?
True
Does 21 divide 1722?
True
Is 5940 a multiple of 55?
True
Does 56 divide 137?
False
Is 95 a factor of 1995?
True
Is 61557 a multiple of 71?
True
Is 115 a factor of 3082?
False
Is 80 a factor of 26276?
False
Is 6392 a multiple of 94?
True
Is 21 a factor of 1722?
True
Does 48 divide 768?
True
Is 77 a factor of 10542?
False
Is 35 a factor of 455?
True
Does 4 divide 628?
True
Is 24102 a multiple of 103?
True
Does 21 divide 420?
True
Does 200 divide 4451?
False
Is 16 a factor of 256?
True
Does 99 divide 1188?
True
Is 93 a factor of 4185?
True
Does 52 divide 10088?
True
Is 2088 a multiple of 58?
True
Is 532 a multiple of 72?
False
Does 17 divide 1545?
False
Is 96 a factor of 10368?
True
Is 21 a factor of 139219?
False
Is 850 a multiple of 10?
True
Is 10 a factor of 30?
True
Is 15 a factor of 1807?
False
Is 5 a factor of 166?
False
Is 845 a multiple of 12?
False
Does 58 divide 290?
True
Is 738 a multiple of 20?
False
Is 11 a factor of 51?
False
Is 834 a multiple of 31?
False
Is 36 a factor of 3024?
True
Is 4704 a multiple of 112?
True
Does 20 divide 6460?
True
Is 15 a factor of 4305?
True
Is 209 a multiple of 25?
False
Does 24 divide 96?
True
Is 36359 a multiple of 16?
False
Does 2 divide 324?
True
Does 15 divide 1020?
True
Does 71 divide 497?
True
Does 9 divide 848?
False
Is 1264 a multiple of 20?
False
Is 2144 a multiple of 21?
False
Is 70 a factor of 12307?
False
Is 42 a factor of 1182?
False
Does 13 divide 17537?
True
Is 77366 a multiple of 157?
False
Does 14 divide 490?
True
Is 63 a factor of 2142?
True
Does 4 divide 4448?
True
Is 27 a factor of 14499?
True
Does 10 divide 131?
False
Is 9 a factor of 11565?
True
Is 35592 a multiple of 16?
False
Is 15 a factor of 26490?
True
Is 2103 a multiple of 13?
False
Does 52 divide 2831?
False
Is 31 a factor of 2077?
True
Is 95 a factor of 6745?
True
Is 7 a factor of 171?
False
Does 64 divide 4460?
False
Does 18 divide 5166?
True
Is 15594 a multiple of 69?
True
Does 13 divide 61?
False
Is 26215 a multiple of 245?
True
Is 36 a factor of 36?
True
Does 12 divide 1656?
True
Is 51092 a multiple of 16?
False
Is 151 a factor of 14796?
False
Is 7 a factor of 77?
True
Is 1125 a multiple of 25?
True
Is 7 a factor of 10010?
True
Is 3072 a multiple of 33?
False
Does 71 divide 2272?
True
Is 10 a factor of 5474?
False
Does 10 divide 791?
False
Is 967 a multiple of 34?
False
Is 11330 a multiple of 11?
True
Does 73 divide 4526?
True
Is 119 a multiple of 70?
False
Does 26 divide 742?
False
Is 777 a multiple of 21?
True
Is 20629 a multiple of 48?
False
Is 870 a multiple of 30?
True
Does 13 divide 3495?
False
Is 45 a factor of 225?
True
Is 28 a factor of 308?
True
Does 6 divide 569?
False
Is 20 a factor of 4160?
True
Is 65 a factor of 3904?
False
Is 1734 a multiple of 51?
True
Does 49 divide 2705?
False
Does 55 divide 5060?
True
Does 11 divide 763?
False
Is 7 a factor of 15?
False
Does 10 divide 16190?
True
Is 357 a multiple of 11?
False
Is 25 a factor of 600?
True
Does 12 divide 330?
False
Is 28368 a multiple of 18?
True
Is 244 a multiple of 35?
False
Is 22 a factor of 967?
False
Is 190 a factor of 50540?
True
Does 76 divide 16188?
True
Is 7 a factor of 89?
False
Is 14 a factor of 910?
True
Is 10 a factor of 3500?
True
Is 10 a factor of 2138?
False
Is 225 a multiple of 45?
True
Is 10890 a multiple of 121?
True
Is 56 a factor of 2016?
True
Is 3500 a multiple of 10?
True
Is 3024 a multiple of 126?
True
Is 299 a factor of 48438?
True
Is 853 a multiple of 3?
False
Does 162 divide 60716?
False
Does 12 divide 1089?
False
Is 6224 a multiple of 189?
False
Is 16 a factor of 11354?
False
Does 12 divide 113?
False
Is 4 a factor of 86?
False
Is 33 a factor of 4620?
True
Does 14 divide 1916?
False
Is 13 a factor of 1008?
False
Is 1763 a multiple of 164?
False
Is 21030 a multiple of 15?
True
Does 18 divide 69940?
False
Does 16 divide 45744?
True
Is 3185 a multiple of 65?
True
Does 74 divide 3382?
False
Is 35578 a multiple of 11?
False
Is 75 a factor of 33450?
True
Does 6 divide 25389?
False
Does 8 divide 4952?
True
Does 3 divide 527?
False
Does 139 divide 131911?
True
Is 3 a factor of 5387?
False
Is 1848 a multiple of 28?
True
Does 50 divide 1400?
True
Is 4842 a multiple of 52?
False
Does 12 divide 9471?
False
Is 54 a factor of 11788?
False
Is 22178 a multiple of 6?
False
Is 193 a factor of 119660?
True
Is 38306 a multiple of 289?
False
Is 6021 a multiple of 9?
True
Does 2 divide 2487?
False
Is 2560 a multiple of 10?
True
Is 220 a multiple of 2?
True
Does 74 divide 6395?
False
Is 66 a factor of 7722?
True
Is 12528 a multiple of 54?
True
Is 187 a multiple of 13?
False
Is 62 a factor of 284?
False
Is 15394 a multiple of 9?
False
Is 1241 a multiple of 15?
False
Is 34068 a multiple of 68?
True
Is 10 a multiple of 2?
True
Is 5600 a multiple of 25?
True
Is 589 a multiple of 31?
True
Is 138 a factor of 3864?
True
Is 658 a multiple of 13?
False
Is 39 a factor of 505?
